{"id":367,"date":"2020-09-15T16:49:58","date_gmt":"2020-09-15T20:49:58","guid":{"rendered":"https:\/\/vannsconcept.fr\/?page_id=367"},"modified":"2021-07-26T16:39:22","modified_gmt":"2021-07-26T20:39:22","slug":"bienvenue","status":"publish","type":"page","link":"https:\/\/vannsconcept.fr\/","title":{"rendered":"Bienvenue chez Vanns Concept Informatique Guadeloupe"},"content":{"rendered":"\n<div class=\"wp-block-image\"><figure class=\"aligncenter size-large\"><img loading=\"lazy\" width=\"1003\" height=\"540\" src=\"https:\/\/vannsconcept.fr\/wp-content\/uploads\/2019\/05\/Logo-VannsConcept-2.png\" alt=\"\" class=\"wp-image-363\" srcset=\"https:\/\/vannsconcept.fr\/wp-content\/uploads\/2019\/05\/Logo-VannsConcept-2.png 1003w, https:\/\/vannsconcept.fr\/wp-content\/uploads\/2019\/05\/Logo-VannsConcept-2-300x162.png 300w, https:\/\/vannsconcept.fr\/wp-content\/uploads\/2019\/05\/Logo-VannsConcept-2-768x413.png 768w, https:\/\/vannsconcept.fr\/wp-content\/uploads\/2019\/05\/Logo-VannsConcept-2-600x323.png 600w\" sizes=\"(max-width: 1003px) 100vw, 1003px\" \/><\/figure><\/div>\n\n\n\n<p class=\"has-large-font-size\">Ce que nous vous proposons :<\/p>\n\n\n\n<ul><li><strong>Des solutions de gestion simple et gratuite et personnalisable<\/strong><\/li><li><strong>Des espaces de travail en ligne accessible o\u00f9 que vous soyez<\/strong><\/li><li><strong>Du <a href=\"https:\/\/vannsconcept.fr\/index.php\/nos-tarifs-owncloud\/\">stockage en Nuage<\/a> (Owncloud vs Dropbox, Google Drive,etc)<\/strong><\/li><li><strong>La s\u00e9curisation de toutes vos donn\u00e9es sur nos Datacenters bas\u00e9s en Guadeloupe<\/strong><\/li><\/ul>\n\n\n\n<p class=\"has-medium-font-size\">Et bien d&#8217;autres choses encore&#8230;<\/p>\n\n\n\n<p class=\"has-medium-font-size\"><strong>Contacter nous pour plus d&#8217;informations : <\/strong><a href=\"https:\/\/vannsconcept.fr\/index.php\/contactez-nous\/\" type=\"page\" id=\"26\">Contactez-nous<\/a><\/p>\n","protected":false},"excerpt":{"rendered":"<p>Ce que nous vous proposons : Des solutions de gestion simple et gratuite et personnalisable Des espaces de travail en ligne accessible o\u00f9 que vous soyez Du stockage en Nuage (Owncloud vs Dropbox, Google Drive,etc) La s\u00e9curisation de toutes vos donn\u00e9es sur nos Datacenters bas\u00e9s en Guadeloupe Et bien d&#8217;autres choses encore&#8230; Contacter nous pour plus d&#8217;informations : Contactez-nous<\/p>\n","protected":false},"author":1,"featured_media":0,"parent":0,"menu_order":0,"comment_status":"closed","ping_status":"closed","template":"","meta":[],"yoast_head":"<!-- This site is optimized with the Yoast SEO plugin v18.5.1 - https:\/\/yoast.com\/wordpress\/plugins\/seo\/ -->\n<title>Bienvenue chez Vanns Concept Informatique Guadeloupe Informatique<\/title>\n<meta name=\"description\" content=\"Bienvenue sur le site de Vanns Concept bas\u00e9 en Guadeloupe. Nous vous proposons des solutions Open Source donc Gratuites ! Contactez-nous !\" \/>\n<meta name=\"robots\" content=\"index, follow, max-snippet:-1, max-image-preview:large, max-video-preview:-1\" \/>\n<link rel=\"canonical\" href=\"https:\/\/vannsconcept.fr\/\" \/>\n<meta property=\"og:locale\" content=\"fr_FR\" \/>\n<meta property=\"og:type\" content=\"article\" \/>\n<meta property=\"og:title\" content=\"Bienvenue chez Vanns Concept Informatique Guadeloupe Informatique\" \/>\n<meta property=\"og:description\" content=\"Bienvenue sur le site de Vanns Concept bas\u00e9 en Guadeloupe. Nous vous proposons des solutions Open Source donc Gratuites ! Contactez-nous !\" \/>\n<meta property=\"og:url\" content=\"https:\/\/vannsconcept.fr\/\" \/>\n<meta property=\"og:site_name\" content=\"Vanns Concept\" \/>\n<meta property=\"article:publisher\" content=\"https:\/\/www.facebook.com\/evanns971\" \/>\n<meta property=\"article:modified_time\" content=\"2021-07-26T20:39:22+00:00\" \/>\n<meta property=\"og:image\" content=\"https:\/\/vannsconcept.fr\/wp-content\/uploads\/2019\/05\/Logo-VannsConcept-2.png\" \/>\n<meta name=\"twitter:card\" content=\"summary_large_image\" \/>\n<meta name=\"twitter:label1\" content=\"Dur\u00e9e de lecture estim\u00e9e\" \/>\n\t<meta name=\"twitter:data1\" content=\"1 minute\" \/>\n<script type=\"application\/ld+json\" class=\"yoast-schema-graph\">{\"@context\":\"https:\/\/schema.org\",\"@graph\":[{\"@type\":\"Organization\",\"@id\":\"https:\/\/vannsconcept.fr\/#organization\",\"name\":\"Vanns Concept\",\"url\":\"https:\/\/vannsconcept.fr\/\",\"sameAs\":[\"https:\/\/www.facebook.com\/evanns971\"],\"logo\":{\"@type\":\"ImageObject\",\"@id\":\"https:\/\/vannsconcept.fr\/#logo\",\"inLanguage\":\"fr-FR\",\"url\":\"https:\/\/vannsconcept.fr\/wp-content\/uploads\/2019\/05\/Logo-VannsConcept-2.png\",\"contentUrl\":\"https:\/\/vannsconcept.fr\/wp-content\/uploads\/2019\/05\/Logo-VannsConcept-2.png\",\"width\":1003,\"height\":540,\"caption\":\"Vanns Concept\"},\"image\":{\"@id\":\"https:\/\/vannsconcept.fr\/#logo\"}},{\"@type\":\"WebSite\",\"@id\":\"https:\/\/vannsconcept.fr\/#website\",\"url\":\"https:\/\/vannsconcept.fr\/\",\"name\":\"Vanns Concept Informatique\",\"description\":\"&quot;Free Technology&quot; (Gwadloup)\",\"publisher\":{\"@id\":\"https:\/\/vannsconcept.fr\/#organization\"},\"potentialAction\":[{\"@type\":\"SearchAction\",\"target\":{\"@type\":\"EntryPoint\",\"urlTemplate\":\"https:\/\/vannsconcept.fr\/?s={search_term_string}\"},\"query-input\":\"required name=search_term_string\"}],\"inLanguage\":\"fr-FR\"},{\"@type\":\"ImageObject\",\"@id\":\"https:\/\/vannsconcept.fr\/#primaryimage\",\"inLanguage\":\"fr-FR\",\"url\":\"https:\/\/vannsconcept.fr\/wp-content\/uploads\/2019\/05\/Logo-VannsConcept-2.png\",\"contentUrl\":\"https:\/\/vannsconcept.fr\/wp-content\/uploads\/2019\/05\/Logo-VannsConcept-2.png\",\"width\":1003,\"height\":540},{\"@type\":\"WebPage\",\"@id\":\"https:\/\/vannsconcept.fr\/#webpage\",\"url\":\"https:\/\/vannsconcept.fr\/\",\"name\":\"Bienvenue chez Vanns Concept Informatique Guadeloupe Informatique\",\"isPartOf\":{\"@id\":\"https:\/\/vannsconcept.fr\/#website\"},\"primaryImageOfPage\":{\"@id\":\"https:\/\/vannsconcept.fr\/#primaryimage\"},\"datePublished\":\"2020-09-15T20:49:58+00:00\",\"dateModified\":\"2021-07-26T20:39:22+00:00\",\"description\":\"Bienvenue sur le site de Vanns Concept bas\u00e9 en Guadeloupe. Nous vous proposons des solutions Open Source donc Gratuites ! Contactez-nous !\",\"breadcrumb\":{\"@id\":\"https:\/\/vannsconcept.fr\/#breadcrumb\"},\"inLanguage\":\"fr-FR\",\"potentialAction\":[{\"@type\":\"ReadAction\",\"target\":[\"https:\/\/vannsconcept.fr\/\"]}]},{\"@type\":\"BreadcrumbList\",\"@id\":\"https:\/\/vannsconcept.fr\/#breadcrumb\",\"itemListElement\":[{\"@type\":\"ListItem\",\"position\":1,\"name\":\"Accueil\",\"item\":\"https:\/\/vannsconcept.fr\/\"},{\"@type\":\"ListItem\",\"position\":2,\"name\":\"Bienvenue chez Vanns Concept Informatique Guadeloupe\"}]}]}<\/script>\n<!-- \/ Yoast SEO plugin. -->","yoast_head_json":{"title":"Bienvenue chez Vanns Concept Informatique Guadeloupe Informatique","description":"Bienvenue sur le site de Vanns Concept bas\u00e9 en Guadeloupe. Nous vous proposons des solutions Open Source donc Gratuites ! Contactez-nous !","robots":{"index":"index","follow":"follow","max-snippet":"max-snippet:-1","max-image-preview":"max-image-preview:large","max-video-preview":"max-video-preview:-1"},"canonical":"https:\/\/vannsconcept.fr\/","og_locale":"fr_FR","og_type":"article","og_title":"Bienvenue chez Vanns Concept Informatique Guadeloupe Informatique","og_description":"Bienvenue sur le site de Vanns Concept bas\u00e9 en Guadeloupe. Nous vous proposons des solutions Open Source donc Gratuites ! Contactez-nous !","og_url":"https:\/\/vannsconcept.fr\/","og_site_name":"Vanns Concept","article_publisher":"https:\/\/www.facebook.com\/evanns971","article_modified_time":"2021-07-26T20:39:22+00:00","og_image":[{"url":"https:\/\/vannsconcept.fr\/wp-content\/uploads\/2019\/05\/Logo-VannsConcept-2.png"}],"twitter_card":"summary_large_image","twitter_misc":{"Dur\u00e9e de lecture estim\u00e9e":"1 minute"},"schema":{"@context":"https:\/\/schema.org","@graph":[{"@type":"Organization","@id":"https:\/\/vannsconcept.fr\/#organization","name":"Vanns Concept","url":"https:\/\/vannsconcept.fr\/","sameAs":["https:\/\/www.facebook.com\/evanns971"],"logo":{"@type":"ImageObject","@id":"https:\/\/vannsconcept.fr\/#logo","inLanguage":"fr-FR","url":"https:\/\/vannsconcept.fr\/wp-content\/uploads\/2019\/05\/Logo-VannsConcept-2.png","contentUrl":"https:\/\/vannsconcept.fr\/wp-content\/uploads\/2019\/05\/Logo-VannsConcept-2.png","width":1003,"height":540,"caption":"Vanns Concept"},"image":{"@id":"https:\/\/vannsconcept.fr\/#logo"}},{"@type":"WebSite","@id":"https:\/\/vannsconcept.fr\/#website","url":"https:\/\/vannsconcept.fr\/","name":"Vanns Concept Informatique","description":"&quot;Free Technology&quot; (Gwadloup)","publisher":{"@id":"https:\/\/vannsconcept.fr\/#organization"},"potentialAction":[{"@type":"SearchAction","target":{"@type":"EntryPoint","urlTemplate":"https:\/\/vannsconcept.fr\/?s={search_term_string}"},"query-input":"required name=search_term_string"}],"inLanguage":"fr-FR"},{"@type":"ImageObject","@id":"https:\/\/vannsconcept.fr\/#primaryimage","inLanguage":"fr-FR","url":"https:\/\/vannsconcept.fr\/wp-content\/uploads\/2019\/05\/Logo-VannsConcept-2.png","contentUrl":"https:\/\/vannsconcept.fr\/wp-content\/uploads\/2019\/05\/Logo-VannsConcept-2.png","width":1003,"height":540},{"@type":"WebPage","@id":"https:\/\/vannsconcept.fr\/#webpage","url":"https:\/\/vannsconcept.fr\/","name":"Bienvenue chez Vanns Concept Informatique Guadeloupe Informatique","isPartOf":{"@id":"https:\/\/vannsconcept.fr\/#website"},"primaryImageOfPage":{"@id":"https:\/\/vannsconcept.fr\/#primaryimage"},"datePublished":"2020-09-15T20:49:58+00:00","dateModified":"2021-07-26T20:39:22+00:00","description":"Bienvenue sur le site de Vanns Concept bas\u00e9 en Guadeloupe. Nous vous proposons des solutions Open Source donc Gratuites ! Contactez-nous !","breadcrumb":{"@id":"https:\/\/vannsconcept.fr\/#breadcrumb"},"inLanguage":"fr-FR","potentialAction":[{"@type":"ReadAction","target":["https:\/\/vannsconcept.fr\/"]}]},{"@type":"BreadcrumbList","@id":"https:\/\/vannsconcept.fr\/#breadcrumb","itemListElement":[{"@type":"ListItem","position":1,"name":"Accueil","item":"https:\/\/vannsconcept.fr\/"},{"@type":"ListItem","position":2,"name":"Bienvenue chez Vanns Concept Informatique Guadeloupe"}]}]}},"_links":{"self":[{"href":"https:\/\/vannsconcept.fr\/index.php\/wp-json\/wp\/v2\/pages\/367"}],"collection":[{"href":"https:\/\/vannsconcept.fr\/index.php\/wp-json\/wp\/v2\/pages"}],"about":[{"href":"https:\/\/vannsconcept.fr\/index.php\/wp-json\/wp\/v2\/types\/page"}],"author":[{"embeddable":true,"href":"https:\/\/vannsconcept.fr\/index.php\/wp-json\/wp\/v2\/users\/1"}],"replies":[{"embeddable":true,"href":"https:\/\/vannsconcept.fr\/index.php\/wp-json\/wp\/v2\/comments?post=367"}],"version-history":[{"count":10,"href":"https:\/\/vannsconcept.fr\/index.php\/wp-json\/wp\/v2\/pages\/367\/revisions"}],"predecessor-version":[{"id":606,"href":"https:\/\/vannsconcept.fr\/index.php\/wp-json\/wp\/v2\/pages\/367\/revisions\/606"}],"wp:attachment":[{"href":"https:\/\/vannsconcept.fr\/index.php\/wp-json\/wp\/v2\/media?parent=367"}],"curies":[{"name":"wp","href":"https:\/\/api.w.org\/{rel}","templated":true}]}}